mainder when 14423217 is divided by 293?
292
What is the remainder when 8634450 is divided by 82?
14
What is the remainder when 5501 is divided by 4960?
541
Calculate the remainder when 573670 is divided by 11951.
22
What is the remainder when 2350075 is divided by 544?
539
What is the remainder when 6259401 is divided by 521606?
129
Calculate the remainder when 2389753 is divided by 477946.
23
What is the remainder when 1873123 is divided by 107?
88
Calculate the remainder when 1373799 is divided by 457849.
252
What is the remainder when 288815000 is divided by 1099?
1097
Calculate the remainder when 87599881 is divided by 29199960.
1
Calculate the remainder when 116768626 is divided by 357.
352
Calculate the remainder when 13506 is divided by 9196.
4310
Calculate the remainder when 80527533 is divided by 60185.
3
What is the remainder when 1525173 is divided by 98?
97
Calculate the remainder when 205984 is divided by 34279.
310
Calculate the remainder when 37027092 is divided by 34.
4
Calculate the remainder when 2546209 is divided by 139.
7
What is the remainder when 2212769 is divided by 830?
819
Calculate the remainder when 339704 is divided by 4023.
1772
Calculate the remainder when 31596 is divided by 2256.
12
Calculate the remainder when 80780342 is divided by 13463390.
2
Calculate the remainder when 50214 is divided by 24123.
1968
Calculate the remainder when 60336999 is divided by 159.
156
Calculate the remainder when 214111 is divided by 23750.
361
What is the remainder when 161526 is divided by 40257?
498
Calculate the remainder when 22494203 is divided by 1214.
1211
What is the remainder when 3627553 is divided by 465?
88
Calculate the remainder when 1926013 is divided by 46.
39
What is the remainder when 6889204 is divided by 11388?
10852
What is the remainder when 363870026 is divided by 4637?
4636
What is the remainder when 223820 is divided by 2034?
80
What is the remainder when 157220 is divided by 14281?
129
What is the remainder when 2820662 is divided by 4897?
4887
What is the remainder when 5496805 is divided by 110?
105
What is the remainder when 1955785 is divided by 47?
21
Calculate the remainder when 41899844 is divided by 186.
182
What is the remainder when 16335559 is divided by 799?
4
Calculate the remainder when 361329 is divided by 3255.
24
Calculate the remainder when 101843 is divided by 51.
47
What is the remainder when 5339952 is divided by 3753?
3186
Calculate the remainder when 26189308 is divided by 101117.
5
What is the remainder when 311841 is divided by 1033?
908
Calculate the remainder when 2463359 is divided by 205277.
35
Calculate the remainder when 13427592 is divided by 91.
87
What is the remainder when 16188954 is divided by 119918?
24
What is the remainder when 398099 is divided by 17?
10
What is the remainder when 5405545 is divided by 37?
30
Calculate the remainder when 67060 is divided by 1136.
36
What is the remainder when 3307368 is divided by 20671?
8
What is the remainder when 4105592 is divided by 99?
62
What is the remainder when 247927 is divided by 3362?
2501
What is the remainder when 13738440 is divided by 12?
0
Calculate the remainder when 4934745 is divided by 99.
90
What is the remainder when 1462209 is divided by 731050?
109
What is the remainder when 299584 is divided by 2359?
2350
What is the remainder when 26846 is divided by 293?
183
What is the remainder when 813894 is divided by 2422?
102
Calculate the remainder when 238833 is divided by 2153.
2003
What is the remainder when 2483247 is divided by 1755?
1677
Calculate the remainder when 149342999 is divided by 20.
19
Calculate the remainder when 3320225 is divided by 1367.
1149
Calculate the remainder when 7342346 is divided by 5005.
11
What is the remainder when 689385 is divided by 8016?
9
Calculate the remainder when 18273375 is divided by 31.
22
What is the remainder when 7365287 is divided by 1841316?
23
Calculate the remainder when 6313888 is divided by 5011.
28
What is the remainder when 14128111 is divided by 384?
367
What is the remainder when 1255 is divided by 826?
429
Calculate the remainder when 61388 is divided by 574.
544
Calculate the remainder when 1420176 is divided by 1762.
4
What is the remainder when 831274 is divided by 4223?
3566
Calculate the remainder when 14649338 is divided by 23.
17
Calculate the remainder when 751086 is divided by 476.
434
Calculate the remainder when 3942630 is divided by 4455.
4410
Calculate the remainder when 128902103 is divided by 228.
23
Calculate the remainder when 10351789 is divided by 65.
19
What is the remainder when 36004 is divided by 11890?
334
Calculate the remainder when 361612 is divided by 68.
56
What is the remainder when 13664 is divided by 76?
60
Calculate the remainder when 434790 is divided by 1547.
83
Calculate the remainder when 1488085 is divided by 22.
5
What is the remainder when 736697 is divided by 245554?
35
Calculate the remainder when 15522250 is divided by 2282.
86
What is the remainder when 13684104 is divided by 68080?
24
What is the remainder when 91510 is divided by 2033?
25
Calculate the remainder when 3736960 is divided by 21354.
10
What is the remainder when 38854 is divided by 751?
553
Calculate the remainder when 1081542 is divided by 97.
89
What is the remainder when 518922 is divided by 929?
540
What is the remainder when 281633 is divided by 854?
667
Calculate the remainder when 1401882 is divided by 186.
0
What is the remainder when 328021270 is divided by 7?
3
Calculate the remainder when 6006167 is divided by 2045.
2
What is the remainder when 17548256 is divided by 31?
24
Calculate the remainder when 12173 is divided by 5807.
559
What is the remainder when 43900 is divided by 578?
550
What is the remainder when 21300051 is divided by 374?
3
What is the remainder when 16724 is divided by 810?
524
Calculate the remainder when 10858639 is divided by 427.
29
Calculate the remainder when 13640384 is divided by 13.
4
Calculate the remainder when 1786106 is divided by 447.
341
What is the remainder when 4799075 is divided by 117048?
107
Calculate the remainder when 120018 is divided by 162.
138
Calculate the remainder when 36381035 is divided by 422.
415
What is the remainder when 1965527 is divided by 109195?
17
Calculate the remainder when 236929238 is divided by 38.
36
Calculate the remainder when 593468 is divided by 296726.
16
What is the remainder when 61750 is divided by 1762?
80
What is the remainder when 2232646 is divided by 4074?
94
What is the remainder when 509731 is divided by 772?
211
Calculate the remainder when 4874493 is divided by 323.
100
What is the remainder when 2812077 is divided by 562414?
7
What is the remainder when 22047982 is divided by 9?
7
Calculate the remainder when 322430 is divided by 3413.
1608
Calculate the remainder when 7242883 is divided by 34.
33
What is the remainder when 72755062 is divided by 1547980?
2
Calculate the remainder when 2034 is divided by 1984.
50
Calculate the remainder when 6520382 is divided by 22719.
29
What is the remainder when 303175 is divided by 1324?
1303
Calculate the remainder when 1250024 is divided by 5000.
24
Calculate the remainder when 1540868 is divided by 10070.
158
Calculate the remainder when 46711173 is divided by 3778.
3759
What is the remainder when 529042038 is divided by 5849?
5837
Calculate the remainder when 9793716 is divided by 531.
483
Calculate the remainder when 24103 is divided by 1249.
372
Calculate the remainder when 10746331 is divided by 10746295.
36
What is the remainder when 1645883 is divided by 36575?
8
What is the remainder when 209361 is divided by 7752?
57
Calculate the remainder when 105128 is divided by 1632.
680
What is the remainder when 277067 is divided by 437?
9
Calculate the remainder when 197811 is divided by 98750.
311
What is the remainder when 26640007 is divided by 1000?
7
What is the remainder when 235605239 is divided by 173?
172
What is the remainder when 126320892 is divided by 247688?
12
What is the remainder when 6363931 is divided by 4038?
43
What is the remainder when 6568527 is divided by 55664?
175
What is the remainder when 1095489 is divided by 2025?
1989
What is the remainder when 7974709 is divided by 74?
2